pose -3*r + 6*r = -4*t + 229, -r + 113 = 2*t. Let k = t + -39. What is the greatest common divisor of 144 and k?
16
Let a be (-40)/(-16)*(-12)/(-10). Suppose 63 = a*v - 2*o, 0*v = -2*v + 3*o + 42. What is the highest common factor of v and 147?
21
Suppose -4*g - 63 = -4*k - 207, -4*k - 132 = -g. Let z = 64 + k. What is the greatest common divisor of z and 48?
16
Let b = -15 - -17. Let d(t) = 3*t**2 + 6*t - 2. Let w be d(-3). Suppose 0 = -b*m + w + 9. Calculate the greatest common divisor of m and 8.
8
Let m = 6 + -1. Suppose 5*n = 4 + 16. Suppose -s = -n*g - 5*s + 100, -3*s = g - 35. What is the greatest common factor of g and m?
5
Let x be (-47)/(-3) + (-8)/12. Let b(l) = -l**3 + 20*l**2 - 13*l + 21. Let g be b(19). What is the highest common divisor of g and x?
15
Suppose 2*q + 64 = -3*g, 3*g - 93 = -4*q - 227. Let h = 110 + q. Calculate the highest common divisor of 30 and h.
15
Suppose -81 = -4*b + b. Let a be 141/b*1 + 2/(-9). Let p be -3 + (15 - 0) + -2. Calculate the highest common divisor of a and p.
5
Suppose 1006 + 6338 = 24*f. What is the highest common divisor of f and 34?
34
Let m(q) = q**3 - 9*q**2 + 22*q - 99. Let j be m(8). Calculate the highest common factor of j and 351.
13
Let l(q) = -5*q + 66. Let h be l(19). Let i = 1 - h. What is the highest common factor of i and 20?
10
Let s = 2 + 8. Suppose -j + 405 = 5*d, -5*d + 252 = 2*j - 158. What is the highest common factor of d and s?
10
Suppose 3 = -6*l + 2*l + 5*z, 0 = 2*l + 3*z - 15. What is the highest common factor of 27 and l?
3
Let q(j) = j**3 - 27*j**2 + 24*j + 60. Let l be q(26). Calculate the greatest common divisor of l and 120.
8
Let k = 21 - 7. Let b be -6 + 56/7 - -124. Calculate the highest common factor of k and b.
14
Let i = -17 + 82. Let y = i + -61. Calculate the greatest common factor of 2 and y.
2
Let s be -2 + 10 + 3872/44. What is the highest common divisor of 128 and s?
32
Let k = -8 - 1. Let d be ((-24)/k)/((-2)/(-15)). Suppose -30*j = 70 - 85 - 135. Calculate the highest common divisor of d and j.
5
Let q be (-3 + 2)/(1/(-62)). Calculate the highest common divisor of 1674 and q.
62
Let t(v) = -3*v - 11. Let z be t(-5). Let f(h) = 7*h**3 - h**2 + 10*h + 1. Let d be f(z). Calculate the highest common factor of 43 and d.
43
Suppose -4*p + 2*w + 71 = w, 0 = -p - w + 19. Calculate the highest common factor of 10 and p.
2
Let m(l) = 31*l**2 + 20*l - 49. Let k be m(3). What is the highest common factor of k and 30?
10
Let i = -2052 + 2064. What is the highest common divisor of 51 and i?
3
Suppose -b + 18 = -3*x, 0 = -b - 2*b - 4*x + 28. Suppose 0 = 23*l - 16*l - 28. Suppose l*q + 14*q = 1944. Calculate the greatest common factor of b and q.
12
Suppose -28 = -w + 12. Suppose -4*i = -4*j + 24, 0*j + 2*j - 15 = 3*i. Suppose -o = -j*o + 16. Calculate the highest common factor of w and o.
8
Let s be (-340)/(-13) + (-44)/286. Let v be s + 2/((-8)/12). What is the highest common divisor of v and 184?
23
Let h(x) = -1 + 14 + 4 + 2*x. Let k be h(-12). Let a(c) = -c**2 - 11*c - 10. Let l be a(k). What is the highest common divisor of l and 45?
9
Let k be 10/35 + 57/21. Let m be 55/(k/9 + 0). What is the greatest common factor of 15 and m?
15
Suppose p + 10 = -2*d, 2*d + 3*d + 25 = 0. Suppose p = -g + 4*g - 24. What is the greatest common factor of g and 16?
8
Let z(a) = -6*a**3 + 2*a**2 - 1. Let h be z(-2). Let d be (-2222)/h - (-2)/5. Let k be (-5)/((-76)/d + -2). Calculate the greatest common divisor of k and 20.
10
Let u be (-1)/2 - (906/(-4) + 2). Suppose 3*j + j = u. Calculate the highest common factor of j and 7.
7
Let q = 24 - 7. Let o be -1 - 6*(-2)/4. Let l(c) = 5*c**2 - c - 1. Let g be l(o). Calculate the highest common divisor of g and q.
17
Let j = -942 - -966. Calculate the greatest common factor of j and 24.
24
Suppose -8*z + 3*z = 3*q - 1039, -q - 211 = -z. What is the greatest common divisor of 19 and z?
19
Let p = -5 - -16. Suppose -69*k + 70*k - 1 = 0. What is the greatest common divisor of p and k?
1
Let z be 3/(2/(-8)*-4). Suppose z*n + 28 = 4*n. What is the highest common divisor of n and 28?
28
Let z be (14/(-4))/(2/(-12)). Let r = -201 - -215. Calculate the greatest common factor of z and r.
7
Let k be (-12)/(-18) + (-166)/(-3). What is the greatest common divisor of k and 8?
8
Let a be (-1)/((-2)/92*2). Let v = 985 + -732. Calculate the highest common divisor of a and v.
23
Let f(y) = -5*y - 65. Let d be f(-24). Let m = 90 - d. Calculate the highest common divisor of m and 140.
35
Suppose -119*z + 231*z - 255 = 61*z. Let m be (5/2)/(2/20). Calculate the highest common factor of m and z.
5
Suppose -2*t - 263 = -4*x - 53, -3*x + 4*t = -160. Suppose 0 = 3*w - 129 + 18. Let q = x - w. Calculate the highest common divisor of 15 and q.
15
Suppose 118*x - 105*x = 104. What is the highest common divisor of x and 284?
4
Let k = 35 - 43. Let h be (k/10 - 4)/(6/(-105)). What is the highest common divisor of 14 and h?
14
Suppose -2*s + 183 = 3. Suppose -6 = -3*a + 9. Suppose a*d = 9*d - 40. Calculate the highest common divisor of s and d.
10
Suppose 4*k - 40 = s, 4*k + 4*s = 3*k + 10. What is the greatest common factor of k and 80?
10
Let l(k) = k - 10. Let s be l(14). Let g be 16/(s + 0) + -1. Calculate the greatest common divisor of 9 and g.
3
Suppose 144*h - 130*h - 12950 = 0. What is the greatest common divisor of 37 and h?
37
Let x = 3551 - 3547. Suppose 3 = f + 4*o - 9*o, 2*f - 18 = -2*o. What is the greatest common factor of f and x?
4
Let h = -10 - -15. Let q = -18 - -63. Let r be (q/12)/(3/8) + 0. What is the greatest common factor of r and h?
5
Let h(q) be the third derivative of 1/3*q**3 + 1/24*q**4 + 0 + 0*q - 2*q**2 + 1/20*q**5. Let l be h(-2). Calculate the highest common factor of 84 and l.
12
Suppose 67 + 35 = 6*d. Let b = 53 - d. Calculate the greatest common factor of 12 and b.
12
Suppose -4*w = 5*g - 39, -3*w = -2*w - 2*g. Suppose 4*b - 3*b - w = 0. What is the greatest common factor of 6 and b?
6
Suppose 59 = -2*w + 4*w + 5*s, 5*s = 15. Calculate the highest common factor of w and 88.
22
Let p be (3 + 20/(-8))*(89 - 7). What is the highest common factor of 1 and p?
1
Suppose 7*j + 18 - 95 = 0. What is the greatest common divisor of j and 3?
1
Suppose 3*w - x = -2*w + 39, 0 = 5*x - 5. Suppose w*v = v + 98. What is the greatest common divisor of 35 and v?
7
Let g(i) = i**2 + 29*i + 318. Let k be g(-28). Calculate the greatest common divisor of k and 10.
10
Let t be (-63 + 61)*(-442)/4. Calculate the greatest common factor of t and 68.
17
Let r be -1 + -35 + (-7 - -7). Let d be r/(-16)*(-168)/(-9). Calculate the highest common divisor of d and 105.
21
Let h be 2/6 + 160/(-48). Let p be h/(-1)*(-10)/(-15). Suppose c + 4*d - 32 = -2, -2*d - 20 = -2*c. What is the greatest common factor of p and c?
2
Suppose 2*m - 28 = 4. Let k = m + -13. Let q(c) = c**3 - 2*c**2 + c + 4. Let o be q(k). What is the highest common divisor of o and 112?
16
Suppose 477 + 1434 = 13*q. What is the greatest common divisor of q and 539?
49
Let x be 286 + 15/(210/(-154)). Calculate the greatest common factor of 605 and x.
55
Let x be (0/(-1))/(-1 + -2). Suppose j - 4*j - 249 = x. Let n = -54 - j. What is the highest common factor of n and 319?
29
Let m = -121 + 126. What is the greatest common factor of m and 265?
5
Let n be (-4)/(-6) - 19682/(-78). What is the highest common divisor of 11 and n?
11
Let g = -62 - -20. Let m = -15 - g. Let h(c) = -c**3 - 7*c**2 + 11*c + 18. Let t be h(-9). What is the highest common factor of t and m?
27
Suppose 19 = 3*n - 26. Let y(o) = -o**3 - 8*o**2 - 6*o + 12. Let q be y(-8). Calculate the greatest common divisor of q and n.
15
Suppose 4*h - p - 741 = 0, 2*h = 3*p + 356 + 27. Suppose 7*o - 68 - 93 = 0. Calculate the highest common divisor of o and h.
23
Let w = -9 + 23. Let m(v) = -3*v - 5. Let h be m(-11). What is the greatest common divisor of w and h?
14
Let h(c) = -c + 19. Let f be h(9). Let g(j) = j**3 + 6*j**2 + 3*j + 5. Let x = 2 + -7. Let m be g(x). Calculate the greatest common divisor of m and f.
5
Suppose 0 = 2*v + 4*g - 912, 2*g = 3*v - 2*v - 440. Calculate the highest common divisor of v and 28.
28
Suppose v = -6 + 8. Suppose -q + 3*q = 0, 0 = -3*z - v*q - 21. Let i = z - -23. What is the greatest common divisor of